{"id":3514,"date":"2016-06-20T22:05:27","date_gmt":"2016-06-20T20:05:27","guid":{"rendered":"http:\/\/www.alexander-pongratz.de\/?page_id=3514"},"modified":"2021-03-23T22:54:16","modified_gmt":"2021-03-23T21:54:16","slug":"widerrufsbelehrung","status":"publish","type":"page","link":"https:\/\/www.13vintagelove.de\/index.php\/widerrufsbelehrung\/","title":{"rendered":"Widerrufsbelehrung"},"content":{"rendered":"<div  class=\"tatsu-gn3v4ga6ey1zit70 tatsu-section    tatsu-clearfix\" data-title=\"\"  data-headerscheme=\"background--dark\"><div class='tatsu-section-pad clearfix' data-padding='{\"d\":\"90px 0% 90px 0%\"}' data-padding-top='90px'><div class=\"tatsu-row-wrap  tatsu-wrap tatsu-row-one-col tatsu-row-has-one-cols tatsu-medium-gutter tatsu-reg-cols  tatsu-clearfix tatsu-gn3v4ga6gbcn0q3s\" ><div  class=\"tatsu-row \" ><div  class=\"tatsu-column  tatsu-column-no-bg tatsu-one-col tatsu-column-image-none tatsu-column-effect-none  tatsu-gn3v4ga6hp9k6krf\"  data-parallax-speed=\"0\" style=\"\"><div class=\"tatsu-column-inner \" ><div class=\"tatsu-column-pad-wrap\"><div class=\"tatsu-column-pad\" ><div  class=\"tatsu-module tatsu-text-block-wrap tatsu-gn3v4ga6iw4hs9rs  \"><div class=\"tatsu-text-inner tatsu-align-center  clearfix\" ><style>.tatsu-gn3v4ga6iw4hs9rs.tatsu-text-block-wrap .tatsu-text-inner{text-align: left;}<\/style>\n<h4>Widerrufsbelehrung<\/h4>\n<p>Sie haben das Recht, binnen vierzehn Tagen ohne Angabe von Gr\u00fcnden diesen Vertrag zu widerrufen.<\/p>\n<p>Die Widerrufsfrist betr\u00e4gt vierzehn Tage ab dem Tag, an dem Sie oder ein von Ihnen benannter Dritter, der nicht der Bef\u00f6rderer ist, die Waren in Besitz genommen haben bzw. hat.<\/p>\n<p>Um Ihr Widerrufsrecht auszu\u00fcben, m\u00fcssen sie uns (Christina Marghitan, Ro\u00dfbachstra\u00dfe 2, 84036 Kumhausen, E-Mail: cdm_444@yahoo.de, Telefon: 015234031213) mittels einer eindeutigen Erkl\u00e4rung (z. B. ein mit der Post versandter Brief, Telefax oder E-Mail) \u00fcber Ihren Entschluss, diesen Vertrag zu widerrufen, informieren. Sie k\u00f6nnen daf\u00fcr das beigef\u00fcgte Muster-Widerrufsformular verwenden, das jedoch nicht vorgeschrieben ist.<\/p>\n<p>Zur Wahrung der Widerrufsfrist reicht es aus, dass Sie die Mitteilung \u00fcber die Aus\u00fcbung des Widerrufsrechts vor Ablauf der Widerrufsfrist absenden.<\/p>\n<p>Folgen des Widerrufs<\/p>\n<p>Wenn Sie diesen Vertrag widerrufen, haben wir Ihnen alle Zahlungen, die wir von Ihnen erhalten haben, einschlie\u00dflich der Lieferkosten (mit Ausnahme der zus\u00e4tzlichen Kosten, die sich daraus ergeben, dass Sie eine andere Art der Lieferung als die von uns angebotene, g\u00fcnstigste Standardlieferung gew\u00e4hlt haben), unverz\u00fcglich und sp\u00e4testens binnen vierzehn Tagen ab dem Tag zur\u00fcckzuzahlen, an dem die Mitteilung \u00fcber Ihren Widerruf dieses Vertrags bei uns eingegangen ist. F\u00fcr diese R\u00fcckzahlung verwenden wir dasselbe Zahlungsmittel, das Sie bei der urspr\u00fcnglichen Transaktion eingesetzt haben, es sei denn, mit Ihnen wurde ausdr\u00fccklich etwas anderes vereinbart; in keinem Fall werden Ihnen wegen dieser R\u00fcckzahlung Entgelte berechnet. Wir k\u00f6nnen die R\u00fcckzahlung verweigern, bis wir die Waren wieder zur\u00fcckerhalten haben oder bis Sie den Nachweis erbracht haben, dass Sie die Waren zur\u00fcckgesandt haben, je nachdem, welches der fr\u00fchere Zeitpunkt ist.<\/p>\n<p>Sie haben die Waren unverz\u00fcglich und in jedem Fall sp\u00e4testens binnen vierzehn Tagen ab dem Tag, an dem Sie uns \u00fcber den Widerruf dieses Vertrags unterrichten, an uns zur\u00fcckzusenden oder zu \u00fcbergeben. Die Frist ist gewahrt, wenn Sie die Waren vor Ablauf der Frist von vierzehn Tagen absenden. Sie tragen die unmittelbaren Kosten der R\u00fccksendung der Waren.<\/p>\n<p>Sie m\u00fcssen f\u00fcr einen etwaigen Wertverlust der Waren nur aufkommen, wenn dieser Wertverlust auf einen zur Pr\u00fcfung der Beschaffenheit, Eigenschaften und Funktionsweise der Waren nicht notwendigen Umgang mit ihnen zur\u00fcckzuf\u00fchren ist.<\/p>\n<p>Muster-Widerrufsformular<\/p>\n<p>(Wenn Sie den Vertrag widerrufen wollen, dann f\u00fcllen Sie bitte dieses Formular aus und senden Sie es zur\u00fcck.)<\/p>\n<p>An<br \/>\nChristina Marghitan<br \/>\nRo\u00dfbachstra\u00dfe 2<br \/>\n84036 Kumhausen<br \/>\nTelefon: 015234031213<br \/>\nE-Mail:cdm_444@yahoo.de<\/p>\n<p>Hiermit widerrufe(n) ich\/wir (*) den von mir\/uns (*) abgeschlossenen Vertrag \u00fcber den Kauf der folgenden Waren (*) \/ die Erbringung der folgenden Dienstleistung (*)<\/p>\n<p>_______________________________________________<br \/>\n_______________________________________________<\/p>\n<p>Bestellt am ___________________ (*)\/erhalten am _______________________(*)<\/p>\n<p>Name des\/der Verbraucher(s) ______________________________________<\/p>\n<p>Anschrift des\/der Verbraucher(s)<\/p>\n<p>_________________________________<br \/>\n_________________________________<br \/>\n_________________________________<\/p>\n<p>_________ _____________________________________________________<br \/>\nDatum Unterschrift des\/der Verbraucher(s) (nur bei Mitteilung auf Papier)<\/p>\n<p>_____________________________________________________________________________________<br \/>\n(*) Unzutreffendes streichen<\/p>\n<p>Christina Marghitan<br \/>\nRo\u00dfbachstr. 2<br \/>\n84036 Kumhausen<\/p>\n<p>Tel. 0152\/ 34031213<\/p>\n<p>Plattform der EU-Kommission zur Online-Streitbeilegung:&nbsp;<a href=\"https:\/\/ec.europa.eu\/consumers\/odr\" rel=\"nofollow\">https:\/\/ec.europa.eu\/consumers\/odr<\/a><\/p>\n<p>Verk\u00e4ufer ist zur Teilnahme an einem Streitbeilegungsverfahren vor einer Verbraucherschlichtungsstelle weder verpflichtet noch bereit.<\/p>\n<\/div><\/div><\/div><\/div><div class = \"tatsu-column-bg-image-wrap\"><div class = \"tatsu-column-bg-image\" ><\/div><\/div><\/div><style>.tatsu-row > .tatsu-gn3v4ga6hp9k6krf.tatsu-column{width: 100%;}.tatsu-gn3v4ga6hp9k6krf.tatsu-column > .tatsu-column-inner > .tatsu-column-overlay{mix-blend-mode: none;}.tatsu-gn3v4ga6hp9k6krf > .tatsu-column-inner > .tatsu-top-divider{z-index: 9999;}.tatsu-gn3v4ga6hp9k6krf > .tatsu-column-inner > .tatsu-bottom-divider{z-index: 9999;}.tatsu-gn3v4ga6hp9k6krf > .tatsu-column-inner > .tatsu-left-divider{z-index: 9999;}.tatsu-gn3v4ga6hp9k6krf > .tatsu-column-inner > .tatsu-right-divider{z-index: 9999;}<\/style><\/div><\/div><\/div><\/div><div class=\"tatsu-section-background-wrap\"><div class = \"tatsu-section-background\" ><\/div><\/div><style>.tatsu-gn3v4ga6ey1zit70 .tatsu-section-pad{padding: 90px 0% 90px 0%;}.tatsu-gn3v4ga6ey1zit70 > .tatsu-bottom-divider{z-index: 9999;}.tatsu-gn3v4ga6ey1zit70 > .tatsu-top-divider{z-index: 9999;}<\/style><\/div>\n","protected":false},"excerpt":{"rendered":"<p><a href=\"https:\/\/www.13vintagelove.de\/index.php\/widerrufsbelehrung\/\" class=\"more-link style1-button\">Weiterlesen<\/a><\/p>","protected":false},"author":1,"featured_media":0,"parent":0,"menu_order":0,"comment_status":"closed","ping_status":"closed","template":"","meta":{"footnotes":""},"class_list":["post-3514","page","type-page","status-publish","hentry"],"yoast_head":"<!-- This site is optimized with the Yoast SEO plugin v27.5 - https:\/\/yoast.com\/product\/yoast-seo-wordpress\/ -->\n<title>Widerrufsbelehrung - 13vintagelove<\/title>\n<meta name=\"robots\" content=\"index, follow, max-snippet:-1, max-image-preview:large, max-video-preview:-1\" \/>\n<link rel=\"canonical\" href=\"https:\/\/www.13vintagelove.de\/index.php\/widerrufsbelehrung\/\" \/>\n<meta property=\"og:locale\" content=\"de_DE\" \/>\n<meta property=\"og:type\" content=\"article\" \/>\n<meta property=\"og:title\" content=\"Widerrufsbelehrung - 13vintagelove\" \/>\n<meta property=\"og:url\" content=\"https:\/\/www.13vintagelove.de\/index.php\/widerrufsbelehrung\/\" \/>\n<meta property=\"og:site_name\" content=\"13vintagelove\" \/>\n<meta property=\"article:modified_time\" content=\"2021-03-23T21:54:16+00:00\" \/>\n<meta name=\"twitter:card\" content=\"summary_large_image\" \/>\n<meta name=\"twitter:label1\" content=\"Gesch\u00e4tzte Lesezeit\" \/>\n\t<meta name=\"twitter:data1\" content=\"4\u00a0Minuten\" \/>\n<script type=\"application\/ld+json\" class=\"yoast-schema-graph\">{\"@context\":\"https:\\\/\\\/schema.org\",\"@graph\":[{\"@type\":\"WebPage\",\"@id\":\"https:\\\/\\\/www.13vintagelove.de\\\/index.php\\\/widerrufsbelehrung\\\/\",\"url\":\"https:\\\/\\\/www.13vintagelove.de\\\/index.php\\\/widerrufsbelehrung\\\/\",\"name\":\"Widerrufsbelehrung - 13vintagelove\",\"isPartOf\":{\"@id\":\"https:\\\/\\\/www.13vintagelove.de\\\/#website\"},\"datePublished\":\"2016-06-20T20:05:27+00:00\",\"dateModified\":\"2021-03-23T21:54:16+00:00\",\"breadcrumb\":{\"@id\":\"https:\\\/\\\/www.13vintagelove.de\\\/index.php\\\/widerrufsbelehrung\\\/#breadcrumb\"},\"inLanguage\":\"de\",\"potentialAction\":[{\"@type\":\"ReadAction\",\"target\":[\"https:\\\/\\\/www.13vintagelove.de\\\/index.php\\\/widerrufsbelehrung\\\/\"]}]},{\"@type\":\"BreadcrumbList\",\"@id\":\"https:\\\/\\\/www.13vintagelove.de\\\/index.php\\\/widerrufsbelehrung\\\/#breadcrumb\",\"itemListElement\":[{\"@type\":\"ListItem\",\"position\":1,\"name\":\"Startseite\",\"item\":\"https:\\\/\\\/www.13vintagelove.de\\\/\"},{\"@type\":\"ListItem\",\"position\":2,\"name\":\"Widerrufsbelehrung\"}]},{\"@type\":\"WebSite\",\"@id\":\"https:\\\/\\\/www.13vintagelove.de\\\/#website\",\"url\":\"https:\\\/\\\/www.13vintagelove.de\\\/\",\"name\":\"13vintagelove\",\"description\":\"An- und Verkauf von Vintage M\u00f6beln, Mid Century M\u00f6beln, Contemporary M\u00f6beln, D\u00e4nischen M\u00f6beln, Antiquit\u00e4ten und Designklassikern des 20. Jahrhunderts\",\"publisher\":{\"@id\":\"https:\\\/\\\/www.13vintagelove.de\\\/#organization\"},\"potentialAction\":[{\"@type\":\"SearchAction\",\"target\":{\"@type\":\"EntryPoint\",\"urlTemplate\":\"https:\\\/\\\/www.13vintagelove.de\\\/?s={search_term_string}\"},\"query-input\":{\"@type\":\"PropertyValueSpecification\",\"valueRequired\":true,\"valueName\":\"search_term_string\"}}],\"inLanguage\":\"de\"},{\"@type\":\"Organization\",\"@id\":\"https:\\\/\\\/www.13vintagelove.de\\\/#organization\",\"name\":\"13vintagelove\",\"url\":\"https:\\\/\\\/www.13vintagelove.de\\\/\",\"logo\":{\"@type\":\"ImageObject\",\"inLanguage\":\"de\",\"@id\":\"https:\\\/\\\/www.13vintagelove.de\\\/#\\\/schema\\\/logo\\\/image\\\/\",\"url\":\"https:\\\/\\\/www.13vintagelove.de\\\/wp-content\\\/uploads\\\/2021\\\/03\\\/logo.png\",\"contentUrl\":\"https:\\\/\\\/www.13vintagelove.de\\\/wp-content\\\/uploads\\\/2021\\\/03\\\/logo.png\",\"width\":1318,\"height\":1390,\"caption\":\"13vintagelove\"},\"image\":{\"@id\":\"https:\\\/\\\/www.13vintagelove.de\\\/#\\\/schema\\\/logo\\\/image\\\/\"},\"sameAs\":[\"https:\\\/\\\/www.instagram.com\\\/13_vintage_love\\\/?hl=de\"]}]}<\/script>\n<!-- \/ Yoast SEO plugin. -->","yoast_head_json":{"title":"Widerrufsbelehrung - 13vintagelove","robots":{"index":"index","follow":"follow","max-snippet":"max-snippet:-1","max-image-preview":"max-image-preview:large","max-video-preview":"max-video-preview:-1"},"canonical":"https:\/\/www.13vintagelove.de\/index.php\/widerrufsbelehrung\/","og_locale":"de_DE","og_type":"article","og_title":"Widerrufsbelehrung - 13vintagelove","og_url":"https:\/\/www.13vintagelove.de\/index.php\/widerrufsbelehrung\/","og_site_name":"13vintagelove","article_modified_time":"2021-03-23T21:54:16+00:00","twitter_card":"summary_large_image","twitter_misc":{"Gesch\u00e4tzte Lesezeit":"4\u00a0Minuten"},"schema":{"@context":"https:\/\/schema.org","@graph":[{"@type":"WebPage","@id":"https:\/\/www.13vintagelove.de\/index.php\/widerrufsbelehrung\/","url":"https:\/\/www.13vintagelove.de\/index.php\/widerrufsbelehrung\/","name":"Widerrufsbelehrung - 13vintagelove","isPartOf":{"@id":"https:\/\/www.13vintagelove.de\/#website"},"datePublished":"2016-06-20T20:05:27+00:00","dateModified":"2021-03-23T21:54:16+00:00","breadcrumb":{"@id":"https:\/\/www.13vintagelove.de\/index.php\/widerrufsbelehrung\/#breadcrumb"},"inLanguage":"de","potentialAction":[{"@type":"ReadAction","target":["https:\/\/www.13vintagelove.de\/index.php\/widerrufsbelehrung\/"]}]},{"@type":"BreadcrumbList","@id":"https:\/\/www.13vintagelove.de\/index.php\/widerrufsbelehrung\/#breadcrumb","itemListElement":[{"@type":"ListItem","position":1,"name":"Startseite","item":"https:\/\/www.13vintagelove.de\/"},{"@type":"ListItem","position":2,"name":"Widerrufsbelehrung"}]},{"@type":"WebSite","@id":"https:\/\/www.13vintagelove.de\/#website","url":"https:\/\/www.13vintagelove.de\/","name":"13vintagelove","description":"An- und Verkauf von Vintage M\u00f6beln, Mid Century M\u00f6beln, Contemporary M\u00f6beln, D\u00e4nischen M\u00f6beln, Antiquit\u00e4ten und Designklassikern des 20. Jahrhunderts","publisher":{"@id":"https:\/\/www.13vintagelove.de\/#organization"},"potentialAction":[{"@type":"SearchAction","target":{"@type":"EntryPoint","urlTemplate":"https:\/\/www.13vintagelove.de\/?s={search_term_string}"},"query-input":{"@type":"PropertyValueSpecification","valueRequired":true,"valueName":"search_term_string"}}],"inLanguage":"de"},{"@type":"Organization","@id":"https:\/\/www.13vintagelove.de\/#organization","name":"13vintagelove","url":"https:\/\/www.13vintagelove.de\/","logo":{"@type":"ImageObject","inLanguage":"de","@id":"https:\/\/www.13vintagelove.de\/#\/schema\/logo\/image\/","url":"https:\/\/www.13vintagelove.de\/wp-content\/uploads\/2021\/03\/logo.png","contentUrl":"https:\/\/www.13vintagelove.de\/wp-content\/uploads\/2021\/03\/logo.png","width":1318,"height":1390,"caption":"13vintagelove"},"image":{"@id":"https:\/\/www.13vintagelove.de\/#\/schema\/logo\/image\/"},"sameAs":["https:\/\/www.instagram.com\/13_vintage_love\/?hl=de"]}]}},"_links":{"self":[{"href":"https:\/\/www.13vintagelove.de\/index.php\/wp-json\/wp\/v2\/pages\/3514","targetHints":{"allow":["GET"]}}],"collection":[{"href":"https:\/\/www.13vintagelove.de\/index.php\/wp-json\/wp\/v2\/pages"}],"about":[{"href":"https:\/\/www.13vintagelove.de\/index.php\/wp-json\/wp\/v2\/types\/page"}],"author":[{"embeddable":true,"href":"https:\/\/www.13vintagelove.de\/index.php\/wp-json\/wp\/v2\/users\/1"}],"replies":[{"embeddable":true,"href":"https:\/\/www.13vintagelove.de\/index.php\/wp-json\/wp\/v2\/comments?post=3514"}],"version-history":[{"count":7,"href":"https:\/\/www.13vintagelove.de\/index.php\/wp-json\/wp\/v2\/pages\/3514\/revisions"}],"predecessor-version":[{"id":5192,"href":"https:\/\/www.13vintagelove.de\/index.php\/wp-json\/wp\/v2\/pages\/3514\/revisions\/5192"}],"wp:attachment":[{"href":"https:\/\/www.13vintagelove.de\/index.php\/wp-json\/wp\/v2\/media?parent=3514"}],"curies":[{"name":"wp","href":"https:\/\/api.w.org\/{rel}","templated":true}]}}